5*t = 2*p + 65, -4*t + n = -0*p + 3*p. What is the tens digit of t?
1
Let t = -19 + -6. Let q = -2 - t. What is the tens digit of q?
2
Suppose 26 = 5*a + 2*x - 14, 0 = 2*a + 2*x - 22. Let q be 28/a*3*-1. What is the units digit of 80/14 - 4/q?
6
Suppose -2*y + 5 - 43 = -g, -5*y = 0. What is the tens digit of g?
3
Let v = -25 + 38. What is the tens digit of v?
1
What is the units digit of (1 - 0)/((-11)/(-154))?
4
Let s(c) = -c**2 - 6*c + 4. Let m be s(-6). Suppose 0 = -a - 4*y + 27, y - 9 = a - m*y. What is the tens digit of a?
1
Let y = 2 + -8. Let j be (2 - 0) + y/(-3). What is the units digit of (j - -2)/(2 - 1)?
6
Let n = 9 - 4. Suppose x - 2*m = 2*m + 40, -2*x = n*m - 15. Suppose -2*v = 3*j + 5, -5*v - 5*j - x = -4*v. What is the units digit of v?
5
Let l = 80 - 130. What is the units digit of 20/l - (-157)/5?
1
Suppose -5*d - 23 = -b, 3*d = 4*b - 0*b - 7. Let y = b - 0. Let z(x) = -x**3 - x**2 - 2*x + 1. What is the units digit of z(y)?
9
Let l(w) = 2*w**2 - 5*w - 2. Suppose 0 = -3*z + 5*r, -5*z + 0*z - r + 28 = 0. What is the units digit of l(z)?
3
Let g(p) = 9 + 23*p**2 + 0 - 9. What is the tens digit of g(1)?
2
Let f = -4 + 6. Let s be (-18)/(-2) - 2/f. Let g = 17 - s. What is the units digit of g?
9
Let k be (-12 - 0)*(-9)/18. What is the units digit of (2/(-6))/(k/(-252))?
4
Let d = -22 + -11. What is the units digit of (-369)/d + 4/(-22)?
1
Suppose -53*v + 57*v = 320. What is the units digit of v?
0
Suppose -5 = -2*t - 1. Suppose 7 = n + 2*j, 0*n = 4*n - 5*j - t. Let a = n + 0. What is the units digit of a?
3
Let r = 716 - 298. What is the hundreds digit of r?
4
Suppose -q + 8 + 5 = 0. What is the units digit of q?
3
Let q be 1/2*0*1. Let y(w) = -w**3. Let s be y(q). Suppose s*z + 4*z - 4 = 0. What is the units digit of z?
1
What is the hundreds digit of -5 + 171 - (-3 + 3)/2?
1
Let q = -2 + -1. What is the tens digit of (11*-1)/(3/q)?
1
Let y be 4/(-2 - (-10)/4). Let p = y - 5. Suppose 0 = -5*h + p*w + 20, 0*w = 2*h + 3*w - 29. What is the units digit of h?
7
Let p be (-3 - 2)*4/(-5). Suppose 5*h - p*h = 10. What is the tens digit of h?
1
Let t(y) = 35*y**2 - y. Let w be t(1). Suppose -2*x + w = -x + 4*a, 3*a = 5*x - 124. What is the tens digit of x?
2
Suppose -4 = -2*w, -4*s - 12 = -3*s - 4*w. What is the tens digit of (10/s)/(2/(-8))?
1
What is the tens digit of (27/(-12))/(3/(-72))?
5
Suppose 48 = h - v, 197 = 2*h + 2*h - 3*v. What is the units digit of h?
3
Let l = -1 - -7. Suppose -44 = -l*y + 4*y. What is the tens digit of y?
2
Suppose 2*q - 8 = -q + 4*b, -3*q = b - 13. Let d = q - -6. What is the units digit of d?
0
Suppose -5*q = 2*r - 46, -3*q + 71 = 4*r + 7. Suppose -3 = -4*z + r. Suppose 0*n - 28 = -z*n. What is the units digit of n?
7
Let g be (-24)/(-10) + 2/(-5). Let s be 5/(-7) - 8/28. Let l = s + g. What is the units digit of l?
1
Let o(m) = m**3 - 8*m**2 + 5*m - 2. Suppose -2*w + 0 = -16. What is the units digit of o(w)?
8
What is the units digit of 2/(-7) - (-261)/7?
7
Suppose 4*y - 5 = x + 35, -5*y = -3*x - 43. Let b = y - 0. What is the units digit of b?
1
Let s be 3/(-5 + -1)*-2. Let d be 5/15 - s/3. Suppose d = q - 1, 2*r + 3*q = 5*q. What is the units digit of r?
1
Let h = -2 - -3. Let o = 3 + h. Suppose 8 = u + 2*s, -2*s = -5*u - o*s + 32. What is the units digit of u?
6
Let d(o) = 6 + 3*o**2 - 6*o + 15*o + 7 - 2*o**2. What is the units digit of d(-9)?
3
Suppose 285 = 7*a - 4*a. Let b(f) = -3*f**3 - f**2 - 3*f. Let i be b(-3). Suppose -4*s + m + i = 0, -5*m = 4*s + s - a. What is the tens digit of s?
2
What is the units digit of (-2)/((3/(-54))/1)?
6
Suppose 5*g = 5*u - 400, -2*u - 86 = -0*g + g. What is the tens digit of (-10)/15 - g/6?
1
Let v(j) = j**3 - 15*j**2 + 2*j + 30. What is the tens digit of v(15)?
6
Let a = 8 - 0. What is the units digit of a?
8
Suppose -2 = 4*i - 14. Suppose 2*h = 2*s + 44, -2*h = i*h - 2*s - 110. Let g = h - 13. What is the units digit of g?
9
Let b(i) = -i**2 - 6*i + 7. Let d be (-9)/(-15) + (-76)/10. Let k be b(d). Suppose k*p - 32 = -4*p. What is the units digit of p?
8
Let l = -95 - -137. What is the units digit of l?
2
Let f = 6 + 3. Let r be f*((-20)/(-6) + -3). Suppose -2*q + 43 = -5*v + 10, -r = v. What is the units digit of q?
9
Suppose 10 = 5*o - 0. Let t(k) = -o + 4*k + k - 3*k + k. What is the units digit of t(2)?
4
Let r be (1*(-3 + 1))/(-1). Suppose g - r*g = -13. What is the tens digit of g?
1
Let j(c) = c**2 + 4*c + 11. What is the tens digit of j(-8)?
4
What is the tens digit of (1008/(-40))/((-2)/5)?
6
Suppose 0 = 4*w - w + 39. Let y = w - -18. Suppose -y*n + 16 = -14. What is the units digit of n?
6
Let p be -1*(2/2 - 1). Let w be 3 + p/((-9)/3). What is the units digit of 6/(w + -2 - 0)?
6
Suppose -3*m - 3*k = -m + 12, 0 = -3*m + 3*k + 12. Let j be (-1)/(-4) - 81/(-12). Let c = j - m. What is the units digit of c?
7
What is the hundreds digit of 140*1 - 1/(-1)?
1
Suppose 0 = h, 2*x + h + 51 = 5*x. What is the units digit of x?
7
Let z be 74/26 + 6/39. What is the units digit of (2 + z)*(-36)/(-10)?
8
Let q(k) = -k**3 - 9*k**2 + k + 10. What is the units digit of q(-9)?
1
Let u be (-2)/(-2)*(0 + 1). Suppose u + 5 = -2*v, 4*g = -2*v + 214. Suppose -g = -9*x + 4*x + 5*m, 46 = 5*x - 2*m. What is the units digit of x?
8
Let r(k) = k**2 - k + 22. What is the tens digit of r(0)?
2
Let h(q) = q**2 + 12*q - 12. Let j be h(-10). What is the units digit of 3/(-2)*j/6?
8
Let t = -189 + 275. What is the units digit of t?
6
Suppose 5*b - 8 = 17. Suppose -29 = -b*q + 21. What is the units digit of q?
0
Let d(z) = -z - 7. Let a be d(12). Let v = a - -7. What is the units digit of (-16)/v - (-4)/6?
2
Let y(i) = -i**3 - i - i**2 - i + 2 + 2*i**2. Let x be y(2). What is the units digit of (1/2)/((-1)/x)?
3
Let f = 329 - 230. What is the tens digit of f?
9
Suppose 0 = -15*j + 4*j + 1320. What is the tens digit of j?
2
Suppose -4*u + 67 = -5*i + 273, -4*u - 164 = -4*i. What is the tens digit of i?
4
Let s(h) = h**3 + 8*h**2 + 4*h - 11. What is the tens digit of s(-7)?
1
Suppose x = -x + 8. Suppose -x = -4*p, -g - 4*p - 44 = -4*g. What is the tens digit of g?
1
Suppose 2*c - 4*l = -10 + 102, -5*l + 137 = 2*c. What is the units digit of c?
6
Suppose 4*c + 4*f = 552, 0 = -7*c + 3*c - 2*f + 548. What is the units digit of c?
6
Suppose -3*w - 4*v - 2 + 21 = 0, -w + 3*v + 2 = 0. Suppose -3*k - w*x + 2*x + 33 = 0, -5*k = 3*x - 51. What is the units digit of k?
9
Suppose 0 = -l + 2*b + 220 + 38, 3*b - 6 = 0. What is the hundreds digit of l?
2
Suppose -3*y + 4*y = 14. What is the units digit of y?
4
Suppose u + 5*r - 23 = 0, -4*u + 7 = r + 2*r. Let s = u - -10. What is the units digit of s?
8
Suppose 5*q - 2*q - 6 = 0. Suppose -2*r + 3*r + 2*l = 21, -q*l + 97 = 5*r. What is the units digit of r?
9
Let l = 60 + -38. What is the tens digit of l?
2
Suppose -2*d - 5*l + 588 = 0, -d - 3*l + 0*l = -294. What is the units digit of d?
4
Suppose -2*q = -4*q + 62. What is the units digit of q?
1
Let g(v) = -v**3 - 6*v**2 + 3*v + 5. Let i be g(-6). Let n(j) = 8*j - 2. Let w be n(3). Let u = i + w. What is the units digit of u?
9
Suppose 10 = 3*i + p, -3*p = -0 - 3. What is the units digit of i?
3
Let v be ((-1)/(4/(-12)))/(-1). Let b(n) = -3*n + 3. What is the units digit of b(v)?
2
Let l = 182 + -115. Let b = 103 - l. What is the tens digit of b?
3
What is the units digit of 368/96 - (-1)/6?
4
Suppose -5*p + 5 = 0, 698 = 7*g - 2*g - 2*p. What is the tens digit of g?
4
Suppose 0 = -0*y - y + 17. Suppose y = -4*z + 5*z + 2*c, c = 2. What is the tens digit of z?
1
What is the units digit of (-218)/(-6) + 3 - (-6)/9?
0
Suppose -4*i = 8, -5*t + 17 = 5*i - 6*i. Suppose -t*a = 5*p - 12, 5*p + 5*a - 3 - 7 = 0. What is the units digit of p?
3
Suppose -5*m = 5*n - 431 + 56, n + 150 = 2*m. What is the tens digit of m?
7
Let w be 8/12 + (-10)/(-3). Suppose x + 3 = -w. Let y = x - -9. What is the units digit of y?
2
Suppose 0*q + 2*q = 3*n + 16, 3*n = -q + 8. What is the units digit of (q/10)/((-26)/(-455))?
4
Suppose -3*j - 2*t + 343 = 0, 74 = j + 4*t - 37. What is the hundreds digit of j?
1
Let q(g) = 23*g**2 - 3*g - 11. Let r(s) = -8*s**2 + s + 4. Let c(a) = 4*q(a) + 11*r(a). What is the tens digit of c(-2)?
1
Let c be (-6)/(-5)*(-20)/(-8). Suppose c*r = 5*r + 18. What is the units digit of 3/r - 120/